Calculate the highest common divisor of 20 and 3332.
4
Calculate the greatest common factor of 80 and 319680.
80
What is the greatest common factor of 978 and 1368?
6
What is the highest common divisor of 1070577 and 81?
81
Calculate the greatest common factor of 202035 and 75.
15
Calculate the greatest common divisor of 78271 and 145.
29
What is the highest common divisor of 130610 and 555?
185
Calculate the highest common factor of 9 and 54657.
9
What is the greatest common divisor of 594 and 2400750?
198
What is the greatest common divisor of 93448 and 24?
8
What is the greatest common divisor of 174 and 59682?
174
What is the highest common factor of 329 and 371?
7
Calculate the highest common divisor of 5180 and 3290.
70
What is the highest common divisor of 3 and 3251?
1
What is the highest common factor of 2561012 and 596?
596
Calculate the highest common divisor of 8 and 469608.
8
What is the greatest common divisor of 45969 and 17325?
231
What is the greatest common factor of 1081 and 7452?
23
Calculate the greatest common divisor of 147640 and 400.
40
What is the greatest common divisor of 98 and 6607650?
98
Calculate the greatest common factor of 10105 and 3760.
235
Calculate the greatest common divisor of 544 and 4384096.
544
Calculate the highest common factor of 500 and 160.
20
Calculate the highest common divisor of 9 and 5438.
1
Calculate the greatest common divisor of 1017 and 18871.
113
Calculate the highest common divisor of 158105 and 4635.
515
Calculate the greatest common divisor of 636 and 4700.
4
What is the greatest common factor of 56 and 238000?
56
Calculate the greatest common factor of 12 and 25284.
12
What is the highest common factor of 1605 and 80?
5
Calculate the highest common divisor of 1632 and 240.
48
Calculate the greatest common divisor of 1413124 and 11228.
1604
Calculate the greatest common divisor of 506926 and 6.
2
What is the greatest common divisor of 2707472 and 144?
16
Calculate the highest common factor of 124 and 597246.
62
Calculate the highest common factor of 191950 and 2200.
550
What is the highest common factor of 396 and 25036?
44
Calculate the greatest common divisor of 2938 and 164754.
226
What is the highest common factor of 390561 and 633?
633
Calculate the greatest common divisor of 1725 and 1223715.
345
What is the highest common divisor of 50600 and 32?
8
Calculate the highest common factor of 45 and 22527.
9
Calculate the highest common divisor of 27289 and 29.
29
What is the highest common divisor of 172306 and 404?
202
Calculate the highest common factor of 11682 and 24750.
198
What is the highest common divisor of 34485 and 220?
55
What is the highest common divisor of 90535 and 190?
95
What is the greatest common divisor of 63 and 8163?
9
Calculate the highest common divisor of 1883 and 938.
7
Calculate the greatest common factor of 300 and 17052.
12
What is the greatest common divisor of 177649 and 59?
59
What is the greatest common factor of 96 and 337184?
32
What is the highest common factor of 14 and 69742?
2
Calculate the greatest common factor of 43923 and 132.
33
Calculate the greatest common factor of 5489539 and 11.
11
What is the greatest common factor of 25 and 11852975?
25
Calculate the highest common factor of 532 and 9324.
28
Calculate the greatest common divisor of 1160 and 725.
145
What is the greatest common divisor of 1974 and 5376?
42
What is the highest common divisor of 63936 and 814?
74
Calculate the highest common divisor of 1275859 and 13.
13
Calculate the highest common divisor of 8217 and 729.
9
What is the greatest common factor of 761992 and 14?
14
Calculate the highest common factor of 6245 and 30.
5
Calculate the highest common divisor of 20 and 2105.
5
What is the greatest common divisor of 23371 and 9?
1
What is the highest common factor of 1908 and 5300?
212
Calculate the highest common divisor of 185 and 547045.
185
What is the highest common divisor of 5968 and 180159?
373
What is the greatest common factor of 21267 and 243?
9
What is the greatest common factor of 590 and 126480?
10
What is the highest common factor of 20272 and 168?
56
What is the greatest common divisor of 15424 and 12050?
482
What is the greatest common divisor of 35480 and 320?
40
Calculate the greatest common factor of 3128 and 2504.
8
Calculate the highest common divisor of 1 and 5978.
1
What is the greatest common factor of 70043 and 89?
89
What is the highest common divisor of 2800509 and 93?
93
Calculate the greatest common factor of 1566 and 19111.
29
Calculate the highest common divisor of 7525 and 252.
7
Calculate the greatest common factor of 5110 and 670.
10
Calculate the highest common divisor of 288 and 221364.
36
Calculate the greatest common factor of 1820436 and 24.
12
Calculate the highest common divisor of 4719370 and 1207.
1207
Calculate the greatest common divisor of 50226 and 198.
66
Calculate the greatest common factor of 14 and 80395.
7
What is the greatest common factor of 435979 and 449?
449
Calculate the highest common factor of 6147 and 99.
9
Calculate the greatest common factor of 92300 and 650.
650
What is the highest common factor of 47052 and 252?
36
Calculate the greatest common factor of 1373893 and 43.
43
Calculate the highest common factor of 534354 and 2436.
174
Calculate the greatest common divisor of 4775149 and 146.
73
What is the greatest common divisor of 1884108 and 30732?
2364
What is the highest common divisor of 88 and 244618?
22
Calculate the greatest common divisor of 774 and 1090953.
387
What is the greatest common factor of 114 and 2208294?
114
Calculate the highest common factor of 1053 and 131976.
351
What is the greatest common factor of 6528 and 119?
17
Calculate the highest common factor of 15575 and 712.
89
What is the highest common divisor of 10407 and 3?
3
What is the highest common factor of 70650 and 3150?
450
What is the greatest common divisor of 103540 and 248?
124
What is the greatest common factor of 57921 and 1462?
43
Calculate the highest common divisor of 644 and 40664.
92
What is the greatest common factor of 52352 and 8998?
818
Calculate the greatest common divisor of 2260 and 54980.
20
Calculate the highest common factor of 39800 and 5572.
796
Calculate the greatest common factor of 1083 and 3287.
19
What is the highest common divisor of 208 and 159848?
104
What is the highest common factor of 87995 and 5?
5
What is the greatest common factor of 5762 and 129?
43
What is the greatest common factor of 15666 and 567?
21
What is the greatest common factor of 10074 and 7314?
138
Calculate the greatest common factor of 1517 and 25530.
37
Calculate the greatest common factor of 507 and 183.
3
What is the greatest common divisor of 1364862 and 85?
17
Calculate the highest common factor of 2310 and 159126.
66
What is the highest common divisor of 50 and 6310?
10
Calculate the greatest common factor of 30036 and 132.
12
Calculate the highest common divisor of 2366 and 129454.
338
Calculate the highest common divisor of 832 and 69472.
416
What is the highest common divisor of 2904 and 4972?
44
Calculate the highest common factor of 180 and 2376.
36
What is the highest common divisor of 258 and 1114947?
129
Calculate the greatest common divisor of 54 and 86382.
18
What is the highest common factor of 36930 and 36?
6
What is the greatest common divisor of 60128 and 1152?
32
Calculate the highest common factor of 2475126 and 6.
6
Calculate the greatest common factor of 180 and 55380.
60
Calculate the highest common factor of 1736 and 247814.
434
What is the greatest common divisor of 8437 and 252461?
649
What is the greatest common factor of 12567 and 3363?
177
Calculate the greatest common factor of 949291 and 7.
7
Calculate the greatest common divisor of 85520 and 200.
40
Calculate the highest common factor of 129290 and 40.
10
Calculate the greatest common factor of 86505 and 5.
5
Calculate the highest common divisor of 1519093 and 62.
31
What is the greatest common divisor of 1305 and 166605?
435
What is the highest common divisor of 1302 and 2268?
42
Calculate the greatest common divisor of 106529 and 5899.
347
Calculate the highest common factor of 446418 and 378.
378
Calculate the highest common factor of 